What are the prime factors of l?
2
Let m(t) be the first derivative of 5*t**3/3 - 3*t**2/2 + 4*t - 4. List the prime factors of m(2).
2, 3
Suppose 4*b = 5*u - 0*b - 205, 2*b = -5*u + 175. List the prime factors of u.
37
Let m(x) be the third derivative of x**4/24 + 5*x**3/3 + 2*x**2. What are the prime factors of m(-6)?
2
Suppose 5*r - 2*b = -103, -3*r - 2*b - 23 = -2*r. Let y = 28 + r. List the prime factors of y.
7
Let u(v) = -4*v - 23. List the prime factors of u(-7).
5
Let j(g) = -12*g - 1. Let v be j(-4). Let t = v - 34. What are the prime factors of t?
13
Let r(l) = 4*l**2 - 9*l - 2. Let b be r(4). Suppose 8*g - 6*g = b. What are the prime factors of g?
13
Let i(u) = u + 10. List the prime factors of i(-3).
7
Suppose 0 = -2*m - n + 3*n + 10, 3*m + 4*n + 20 = 0. Suppose m = 3*o + 3*l - 63, 4*o + 2*l - 71 = 5. List the prime factors of o.
17
Suppose 5*h - 4*j = -22, -5*h - 36 = -5*j - 11. Let o = h + 3. Suppose -34 = -5*w + o. List the prime factors of w.
7
Suppose -5*l = -4*q + 24 - 106, 2*l - 5*q - 26 = 0. What are the prime factors of l?
2, 3
Let l be 1/1*(-3 + 2). List the prime factors of 85/(-10)*l*2.
17
Let z = -6 - -3. Let c be -1*(-4 + z/3). Let d = c - -1. List the prime factors of d.
2, 3
Let m be (-34)/(-3 - (-2)/2). Suppose 5*v + 57 = -d, 0*d = -v - 5*d + 3. Let g = m + v. What are the prime factors of g?
5
Suppose 6*k - 164 - 16 = 0. List the prime factors of k.
2, 3, 5
Let r(x) = -x + 4. Let n be r(2). Suppose -148 = n*b - 6*b. What are the prime factors of b?
37
Suppose -3*y - 2*q + 156 = -685, y - 2*q - 291 = 0. What are the prime factors of y?
283
Let w = 6 + -4. Suppose 0*k - 2*k = w. List the prime factors of 1 + 2 + k/1.
2
Let g = -64 - -68. Let j(u) = 3*u - 1. Let o be j(5). What are the prime factors of o/g - (-2)/4?
2
Suppose -3*l = -x + 37, 3*l + 63 + 36 = 3*x. What are the prime factors of x?
31
Suppose -4*h + 42 = -2*h. Suppose 0 = 3*l + l - 16. Suppose 0 = r - l*r + h. List the prime factors of r.
7
Suppose z - 24 = -3*n, 2*z + 0*z + 6 = 0. Let f = n - 6. Suppose f*s = -s + 36. List the prime factors of s.
3
Suppose 0 = 4*d - 2*r - 276, 0*d - 2*d = 2*r - 150. Suppose h - s = 37, -2*h + s = -2 - d. What are the prime factors of h?
2, 3
Let l = 7 - 2. Suppose -l*r = -49 - 11. What are the prime factors of r?
2, 3
What are the prime factors of ((-34)/(-4))/((-1)/(-6))?
3, 17
Let m be 3 - ((-549)/(-1) - 2). List the prime factors of 1/(4/m*-4).
2, 17
Let q(r) = -r**3 - 5*r**2 - 4*r + 1. List the prime factors of q(-5).
3, 7
List the prime factors of 201/(-6 - -4 - -3).
3, 67
Let z(x) = 6*x**2 - 8*x + 9. What are the prime factors of z(5)?
7, 17
Suppose -5*n = -3*q - 24, 7*n = -5*q + 2*n - 40. Let t(c) = 2*c**3 + 2 - 3 - c**3 + 7*c**2 - c + c**2. What are the prime factors of t(q)?
7
Suppose 2*o - 3*o = -6. Suppose 5*z = 3*z + o. What are the prime factors of z?
3
Let b = 0 + 7. Let x = b - 5. Suppose 2*v - 20 = -2*d, x*v = -5*d - 9 + 32. What are the prime factors of v?
3
Suppose -4*l = -3*u - 99, 2*l - 14 = -2*u + 18. List the prime factors of l.
3, 7
Suppose 0 = 5*g - 10*g + 10. Suppose 0*v = -g*v. Let w(o) = o**2 + o + 4. List the prime factors of w(v).
2
Suppose -2*y + 30 = -26. Let x = y - 14. List the prime factors of x.
2, 7
Let s(f) = f + 8 + 2*f - 5*f - 13. List the prime factors of s(-6).
7
Let x = 113 - 14. What are the prime factors of x?
3, 11
Suppose -2*p - 10 = 0, -4*p + 124 = 5*d - 191. List the prime factors of d.
67
Suppose 6*m = -343 + 2131. What are the prime factors of m?
2, 149
What are the prime factors of 314 - -18 - (-1)/1?
3, 37
Let s(t) = -3*t - 5. Let c be s(-7). Suppose 3*o = o + 5*x + 8, 2*x = 4*o + c. List the prime factors of (27/o + -2)*-2.
13
Suppose -4*q - 16 = 4*a, 8 = -3*q + 2*a + 1. Let d be 4/(-6) + 40/q. What are the prime factors of 4/d + 37/7?
5
Let r(n) = n**3 + 6*n**2 - 8*n - 7. Let h be r(-7). Suppose -s + 0*s + 14 = h. What are the prime factors of s?
2, 7
Let o = -61 + 95. Let s = -9 + o. List the prime factors of s.
5
Suppose -j = -5*n - 84, 3*j + j - 2*n = 282. List the prime factors of j.
3, 23
Let x be 6/(-18) + 7/3. Suppose -5*y + m + 31 = -x*m, 0 = -y - m + 3. Suppose g + 21 = 2*s, 5*g - 42 - 3 = -y*s. List the prime factors of s.
2, 5
Suppose 3*h = 5*h. Suppose v + v - 20 = h. What are the prime factors of v?
2, 5
Let v(i) = -i**2 + 4*i + 7. Let k be ((-45)/(-6))/3*2. Let g be v(k). Suppose g*x = -x + 24. List the prime factors of x.
2
List the prime factors of 7/((-56)/6) + 1502/8.
11, 17
Suppose 14 = 4*b + 2. Suppose f + 5*x + 180 = -b*f, -3*f + 3*x = 108. Let k = -23 - f. List the prime factors of k.
17
Let h(s) = s - 4. Let g be h(4). Suppose g = 2*c + c. Suppose c = a + 3*x - 8, -2*x - 92 = -4*a + x. List the prime factors of a.
2, 5
Let z(j) = 2*j**2 - 2 + 2 + 2*j. What are the prime factors of z(-2)?
2
Let s = -5 - 10. What are the prime factors of 2 - (s/3 + 2)?
5
Suppose 12 = 6*w - 24. List the prime factors of w.
2, 3
Suppose -3*j + 8 = j. Suppose m - j = 2. Suppose 5*r = -5*b + 60, m*r = 8*b - 4*b + 48. What are the prime factors of r?
2, 3
Suppose 0 = 4*b - 5 - 3. Let a be (1 - -1) + 14/b. Let c = 18 - a. List the prime factors of c.
3
Let x = 335 + -28. What are the prime factors of x?
307
Let g = 3 + 7. Suppose -l - g = -2*l. List the prime factors of l.
2, 5
Suppose -3*m + 84 + 84 = 0. List the prime factors of m.
2, 7
Suppose 2*d - 6 = 4*f, 2*d - 5*d = 4*f + 1. What are the prime factors of 56 + f/(0 - -1)?
5, 11
Suppose -1518 = -0*p - 6*p. List the prime factors of p.
11, 23
Suppose -5*y + 66 = 2*j, -j = -6*j - 5*y + 180. What are the prime factors of 15*(j/10 + -2)?
3
Let i(h) = h**2 - 5*h + 4. Suppose -11 - 4 = -3*q. Let d be i(q). Suppose -d*s - 12 = -8*s. What are the prime factors of s?
3
Suppose -5*f = -f. Let b(x) = -x**2 + f*x + 4*x - 4 + 4*x. List the prime factors of b(6).
2
Suppose 0 = -2*b - 3*b + 600. Suppose -5*w = -0*w - b. What are the prime factors of w?
2, 3
Suppose -4*u + 176 = p, 2*p - p = 3*u - 139. Suppose s + u = 6*s. Suppose -5*g = -l + 5, -s = -l + 3*g - 4. List the prime factors of l.
5
Let l = -4 - -8. Let g = 14 + -7. Suppose -c + l = -g. List the prime factors of c.
11
Let f be 65 - 1/(1 - 2). Suppose r - a - 16 = 0, -4*r + 8*r - f = 2*a. List the prime factors of r.
17
Let z(f) = f**3 - 2*f**2 + f + 2. Suppose 6 = 3*s - 0. What are the prime factors of z(s)?
2
Let d(o) = -o**3 - 7*o**2 - 6*o + 1. Let w be d(-6). Suppose 5*h - s - w - 46 = 0, 3*s - 9 = 0. What are the prime factors of h?
2, 5
Suppose -4*b + 4*t - 20 = 0, -32 = 4*b + 4*t - 4. Let z(j) = -j**3 - 6*j**2 + 7. Let r be z(b). List the prime factors of -1 + r + 0 - 3.
3
Let s(u) = -11*u + 13. List the prime factors of s(-5).
2, 17
Suppose -7*g - 15 = -2*g. Let s = g + 9. List the prime factors of s.
2, 3
Let k be (-237)/(-18) + 2/(-12). Suppose -k = -4*f + 43. List the prime factors of f.
2, 7
Suppose h - 3 = -0. What are the prime factors of 24*1/h*3?
2, 3
Suppose t - 133 = h, 0 = 2*t - 4*h - 175 - 89. What are the prime factors of t?
2, 67
Suppose -15 = -3*j - 4*a, 6 = -a - a. What are the prime factors of (-9)/6*(-42)/j?
7
Let o be (-8)/(-36) + (-34)/(-9). Let j be (-10)/(-2) - o/2. Suppose 2*t + 10 = j*t. What are the prime factors of t?
2, 5
Suppose -182 + 52 = -5*d. What are the prime factors of d?
2, 13
What are the prime factors of (484 + 1)*(-20)/(-25)?
2, 97
Suppose -3 = -p + 1. Suppose -p*f = -f - 9. List the prime factors of f.
3
Let j = 12 + -8. Suppose 3*c + c = 8, 3*c = -j*n + 46. List the prime factors of (-30)/9*(-24)/n.
2
Let w be 34/(-10) + (-2)/(-5). Let a be -4*(42/8)/w. Suppose -3*s = 5*l - 26, 2*s + 2*l - a*l = 34. List the prime factors of s.
2, 3
Let i be 1*(-16)/(-5 + 3). Let o = 8 - i. Suppose -j + 18 + 2 = o. List the prime factors of j.
2, 5
Let q = 23 - 15. List the prime factors of q.
2
Let f(q) be the second derivative of q**4/6 + q**2/2 + q. Let c be f(-1). List the prime factors of 14*1 - (-2 + c).
13
Suppose 0 = h - 4*u - 12, h + 2*u = 2*h - 8. Suppose 4*o = 16 + h. Suppose 0 = o*b - 34 - 6. List the prime factors of b.
2
Suppose 3*i - v = -2*v + 3, 4*v - 3 = -3*i. Let t be 5*i - (-4 - -3). Suppose 2*l = -l + t. List the prime factors of l.
2
Suppose -3*k - 122 = -m - 2*k, 0 = 5*m - k - 614. List the prime factors of m